ide 1201540?
False
Does 4 divide 785639?
False
Is 4955808 a multiple of 22?
True
Is 29 a factor of 7622800?
False
Is 11035232 a multiple of 1300?
False
Is 1457703 a multiple of 39?
True
Is 69900 a multiple of 4?
True
Does 13 divide 127062?
True
Does 12 divide 28968?
True
Does 9 divide 340203?
False
Does 1775 divide 12258500?
False
Does 20 divide 35800?
True
Is 729 a factor of 699789?
False
Does 107 divide 2276722?
False
Does 6 divide 66080?
False
Is 6 a factor of 3344722?
False
Is 17 a factor of 1504772?
True
Is 3735471 a multiple of 163?
True
Is 1105 a factor of 9458800?
True
Does 28 divide 91259?
False
Is 158729 a multiple of 48?
False
Does 66 divide 1325435?
False
Is 6 a factor of 2571150?
True
Is 65 a factor of 19128?
False
Is 1284475 a multiple of 269?
True
Is 66 a factor of 88704?
True
Is 101508 a multiple of 12?
True
Is 139 a factor of 87431?
True
Is 432738 a multiple of 17?
False
Is 13 a factor of 1796249?
True
Is 87 a factor of 8057037?
False
Does 1170 divide 2029187?
False
Does 13 divide 89122?
False
Is 3770148 a multiple of 633?
True
Does 28 divide 4377684?
False
Is 2112089 a multiple of 315?
False
Is 18568 a multiple of 68?
False
Is 23163320 a multiple of 10?
True
Does 75 divide 247500?
True
Is 14 a factor of 37944?
False
Does 11 divide 142637?
True
Does 15 divide 22944885?
True
Is 460482 a multiple of 22?
True
Is 1679082 a multiple of 267?
False
Is 23 a factor of 6553202?
False
Does 83 divide 35343?
False
Is 3 a factor of 30820?
False
Is 665 a factor of 1049370?
True
Does 111 divide 1258841?
False
Is 12 a factor of 2724299?
False
Does 128 divide 164437?
False
Does 10 divide 69770?
True
Is 123233 a multiple of 17?
True
Is 154632 a multiple of 68?
True
Is 2402698 a multiple of 637?
False
Does 12 divide 332772?
True
Does 241 divide 135842?
False
Does 592 divide 12873040?
True
Is 85806 a multiple of 5?
False
Is 326232 a multiple of 18?
True
Is 44 a factor of 959781?
False
Is 67840 a multiple of 53?
True
Does 271 divide 26558?
True
Is 27 a factor of 1731475?
False
Is 197 a factor of 282269?
False
Is 1753821 a multiple of 60?
False
Does 36 divide 1004256?
True
Does 7 divide 15274623?
True
Is 191 a factor of 128734?
True
Is 90628 a multiple of 139?
True
Is 30 a factor of 3929676?
False
Does 54 divide 1264853?
False
Does 21 divide 1280745?
False
Is 1932633 a multiple of 93?
True
Is 43 a factor of 495719?
False
Is 3026952 a multiple of 24?
True
Is 2102459 a multiple of 39?
False
Does 4 divide 3627098?
False
Does 3 divide 159640?
False
Is 35 a factor of 4222892?
False
Is 127 a factor of 4564253?
True
Is 7652145 a multiple of 363?
False
Is 37 a factor of 26455?
True
Is 11 a factor of 1770637?
True
Is 101 a factor of 3535?
True
Is 8 a factor of 921749?
False
Is 7434481 a multiple of 378?
False
Does 766 divide 14570852?
True
Is 689 a factor of 218413?
True
Does 12 divide 98016?
True
Is 103 a factor of 1054308?
True
Does 917 divide 3624901?
True
Does 19 divide 7241505?
False
Is 52 a factor of 1468101?
False
Does 8 divide 147640?
True
Is 111728 a multiple of 41?
False
Is 46 a factor of 19964?
True
Does 361 divide 281859?
False
Is 45 a factor of 1010700?
True
Is 10 a factor of 453821?
False
Does 649 divide 12740519?
True
Is 2746809 a multiple of 117?
True
Does 22 divide 21298612?
False
Is 39557 a multiple of 5?
False
Is 3938368 a multiple of 12?
False
Is 5535212 a multiple of 12?
False
Is 8 a factor of 34875?
False
Does 366 divide 24888?
True
Is 780787 a multiple of 7?
True
Is 2340135 a multiple of 765?
True
Is 14 a factor of 19230022?
True
Is 206467 a multiple of 126?
False
Does 465 divide 4585554?
False
Does 153 divide 29223?
True
Does 94 divide 56306?
True
Does 762 divide 8725505?
False
Is 692865 a multiple of 89?
True
Is 2010001 a multiple of 707?
True
Does 555 divide 4717634?
False
Is 4260750 a multiple of 89?
False
Does 4 divide 698056?
True
Does 34 divide 121962?
False
Is 566 a factor of 8917330?
True
Does 135 divide 69097?
False
Is 10 a factor of 367787?
False
Is 593600 a multiple of 371?
True
Does 293 divide 2135970?
True
Is 127224 a multiple of 108?
True
Does 15 divide 165937?
False
Does 1044 divide 18783337?
False
Is 1177236 a multiple of 27?
False
Does 18 divide 400194?
True
Does 11 divide 189266?
True
Does 5 divide 486538?
False
Does 90 divide 6421950?
True
Is 228339 a multiple of 27?
True
Is 65 a factor of 1446237?
False
Is 18 a factor of 9471709?
False
Does 28 divide 7253571?
False
Does 5 divide 41920?
True
Is 14 a factor of 6840?
False
Is 146 a factor of 237728?
False
Is 857080 a multiple of 159?
False
Does 285 divide 199785?
True
Is 56 a factor of 8455888?
True
Does 108 divide 16446240?
True
Is 406700 a multiple of 3?
False
Does 9 divide 259947?
True
Does 19 divide 2368198?
True
Is 2946809 a multiple of 5?
False
Is 212 a factor of 26752?
False
Is 10 a factor of 3665930?
True
Is 67129 a multiple of 7?
False
Is 828996 a multiple of 13?
False
Is 62 a factor of 16918658?
False
Is 144 a factor of 879915?
False
Does 18 divide 1105830?
True
Does 35 divide 2213001?
False
Is 6684367 a multiple of 137?
True
Is 4312846 a multiple of 5?
False
Does 1158 divide 7696068?
True
Does 168 divide 362135?
False
Is 144758 a multiple of 75?
False
Is 96 a factor of 1134698?
False
Is 641451 a multiple of 10?
False
Is 149 a factor of 692245?
False
Is 40 a factor of 220006?
False
Is 864 a factor of 2528527?
False
Is 319 a factor of 43703?
True
Is 180868 a multiple of 16?
False
Is 157 a factor of 454822?
False
Does 12 divide 6297546?
False
Does 8 divide 17568416?
True
Is 172 a factor of 212575?
False
Is 214 a factor of 659946?
False
Does 301 divide 352011?
False
Is 7476 a multiple of 89?
True
Is 2298 a factor of 3495258?
True
Does 146 divide 1095510?
False
Is 1443 a multiple of 9?
False
Is 1587960 a multiple of 264?
True
Is 3131728 a multiple of 760?
False
Does 64 divide 13152455?
False
Does 132 divide 57684?
True
Does 33 divide 143072?
False
Is 252216 a multiple of 24?
True
Is 6894 even?
True
Is 321 a factor of 10752216?
True
Is 10 a factor of 3973260?
True
Does 59 divide 8188866?
False
Is 445730 a multiple of 407?
False
Is 227709 a multiple of 9?
True
Is 12 a factor of 2621025?
False
Is 75 a factor of 616603?
False
Does 6 divide 54421?
False
Is 61 a factor of 200690?
True
Does 129 divide 3195907?
False
Is 2600493 a multiple of 6?
False
Does 28 divide 1496208?
True
Does 1503 divide 11851155?
True
Is 42056 a multiple of 28?
True
Does 16 divide 763104?
True
Is 51267 a multiple of 69?
True
Is 2045494 a multiple of 3?
False
Is 113 a factor of 385263?
False
Does 11 divide 3499628?
True
Is 3565896 a multiple of 12?
True
Is 10 a factor of 21980?
True
Is 138780 a multiple of 36?
True
Is 2354400 a multiple of 36?
True
Is 160230 a multiple of 42?
True
Is 11 a factor of 63525?
True
Is 408 a factor of 11239992?
True
Does 1347 divide 15293838?
True
Does 44 divide 1853148?
True
Is 17689933 a multiple of 388?
False
Is 154 a factor of 10254706?
True
Does 6 divide 1940?
False
Is 252 a factor of 4569264?
True
Is 41 a factor of 180564?
True
Is 295693 a multiple of 11?
False
Does 19 divide 5567570?
True
Is 10 a factor of 256740?
True
Does 703 divide 17446517?
False
Does 14 divide 52999?
False
Does 49 divide 3216556?
True
Does 18 divide 3944502?
True
Does 108 divide 240105?
False
Is 14004431 a multiple of 1662?
False
Is 32 a factor of 32640?
True
Is 3487080 a multiple of 60?
True
Does 68 divide 396576?
True
Is 76963 a multiple of 11?
False
Is 29 a factor of 12518749?
True
Is 270 a factor of 318600?
True
Does 186 divide 249612?
True
Does 24 divide 4278480?
True
Is 5759 even?
False
Is 582 a factor of 10165369?
False
Does 83 divide 32204?
True
Is 22 a factor of 49830?
True
Is 9 a factor of 21446?
False
Is 12 a factor of 6632?
False
Does 218 divide 1024178?
False
Is 38 a factor of 51680?
True
Is 9 a factor of 8991?
True
Is 7 a factor of 497371?
True
Does 84 divide 1353182?
False
Is 6819442 a multiple of 38?
True
Does 3 divide 135767?
False
Does 36 divide 973841?
False
Is 34 a factor of 1676582?
False
Does 402 divide 1981449?
False
Is 49 a factor of 11618269?
False
Is 127568 a multiple of 26?
False
Is 39 a factor of 127266?
False
Is 425310 a multiple of 15?
True
Is 2173332 a multiple of 56?
False
Is 2988954 a multiple of 853?
False
Does 1466 divide 6214250?
False
Does 44 divid